 of 336562.
2, 168281
What are the prime factors of 5622106?
2, 7, 313, 1283
List the prime factors of 8355090.
2, 3, 5, 278503
What are the prime factors of 2120074?
2, 11, 29, 3323
List the prime factors of 308360.
2, 5, 13, 593
What are the prime factors of 2387051?
2387051
List the prime factors of 550469.
550469
What are the prime factors of 1444531?
11, 131321
What are the prime factors of 581424?
2, 3, 12113
List the prime factors of 3418907.
467, 7321
What are the prime factors of 3265009?
11, 296819
What are the prime factors of 3297819?
3, 7, 53, 2963
What are the prime factors of 11051505?
3, 5, 71, 1153
What are the prime factors of 2208761?
73, 79, 383
List the prime factors of 3844509.
3, 1281503
What are the prime factors of 3078547?
17, 47, 3853
List the prime factors of 5179694.
2, 13, 41, 43, 113
What are the prime factors of 25110639?
3, 163, 17117
List the prime factors of 981954.
2, 3, 17, 3209
What are the prime factors of 3888677?
13, 89, 3361
What are the prime factors of 311274?
2, 3, 17293
What are the prime factors of 7066959?
3, 67, 35159
List the prime factors of 15537294.
2, 3, 617, 1399
List the prime factors of 362490.
2, 3, 5, 43, 281
What are the prime factors of 370960?
2, 5, 4637
What are the prime factors of 1627140?
2, 3, 5, 47, 577
What are the prime factors of 463376?
2, 28961
List the prime factors of 3680205.
3, 5, 19, 37, 349
List the prime factors of 5558458.
2, 2779229
List the prime factors of 140725.
5, 13, 433
What are the prime factors of 430536?
2, 3, 17939
List the prime factors of 177618.
2, 3, 7, 4229
What are the prime factors of 5728296?
2, 3, 7, 4871
What are the prime factors of 183165?
3, 5, 12211
List the prime factors of 11511856.
2, 17, 42323
List the prime factors of 4735993.
4735993
What are the prime factors of 12557?
29, 433
List the prime factors of 1887333.
3, 7, 37, 347
List the prime factors of 1131418.
2, 17, 107, 311
What are the prime factors of 223218?
2, 3, 12401
List the prime factors of 219414.
2, 3, 13, 29, 97
What are the prime factors of 6015001?
19, 197, 1607
What are the prime factors of 2584957?
2584957
What are the prime factors of 1068211?
433, 2467
What are the prime factors of 9256187?
9256187
What are the prime factors of 1168319?
1168319
What are the prime factors of 385605?
3, 5, 11, 19, 41
What are the prime factors of 127828?
2, 31957
What are the prime factors of 5371616?
2, 167863
List the prime factors of 9654.
2, 3, 1609
List the prime factors of 4279997.
19, 225263
What are the prime factors of 409663?
151, 2713
List the prime factors of 5324287.
5324287
What are the prime factors of 104206?
2, 52103
List the prime factors of 1249927.
7, 178561
List the prime factors of 39247185.
3, 5, 1531, 1709
What are the prime factors of 55088?
2, 11, 313
List the prime factors of 3947253.
3, 233, 5647
What are the prime factors of 417540?
2, 3, 5, 6959
What are the prime factors of 3895533?
3, 17, 23, 41
What are the prime factors of 2115136?
2, 33049
What are the prime factors of 473944?
2, 59243
List the prime factors of 5837132.
2, 7, 208469
List the prime factors of 20238092.
2, 7, 17, 41, 61
List the prime factors of 217258.
2, 23, 4723
What are the prime factors of 2861629?
53, 53993
List the prime factors of 1004089.
1004089
What are the prime factors of 13945082?
2, 223, 31267
List the prime factors of 944128.
2, 461
What are the prime factors of 4970699?
4970699
List the prime factors of 3008316.
2, 3, 250693
List the prime factors of 19009808.
2, 17, 47, 1487
What are the prime factors of 9705323?
59, 271, 607
What are the prime factors of 505862?
2, 7, 23, 1571
List the prime factors of 16910492.
2, 1151, 3673
What are the prime factors of 226086?
2, 3, 7, 769
What are the prime factors of 18882789?
3, 19, 331277
List the prime factors of 2483545.
5, 89, 5581
List the prime factors of 698474.
2, 7, 49891
List the prime factors of 5686876.
2, 13, 109363
List the prime factors of 1649548.
2, 412387
What are the prime factors of 54586?
2, 7, 557
What are the prime factors of 974522?
2, 487261
What are the prime factors of 16114709?
13, 1239593
What are the prime factors of 6218030?
2, 5, 7, 13, 6833
List the prime factors of 154245.
3, 5, 7, 13, 113
List the prime factors of 7604713.
449, 16937
What are the prime factors of 1670843?
71, 101, 233
What are the prime factors of 917501?
13, 61, 89
List the prime factors of 7055510.
2, 5, 7, 11, 17
List the prime factors of 4933679.
67, 73637
What are the prime factors of 21681?
3, 11, 73
What are the prime factors of 1980781?
11, 180071
What are the prime factors of 1774053?
3, 197117
What are the prime factors of 1116507?
3, 7, 79, 673
What are the prime factors of 370418?
2, 89, 2081
List the prime factors of 12262384.
2, 766399
What are the prime factors of 14239641?
3, 13, 365119
List the prime factors of 1269245.
5, 97, 2617
List the prime factors of 3703059.
3, 17, 24203
List the prime factors of 1818624.
2, 3, 37
List the prime factors of 52770.
2, 3, 5, 1759
List the prime factors of 1923299.
7, 39251
List the prime factors of 4644305.
5, 47, 19763
What are the prime factors of 449341?
641, 701
List the prime factors of 423954.
2, 3, 2617
What are the prime factors of 5442493?
7, 19, 151, 271
What are the prime factors of 16657594?
2, 71, 117307
What are the prime factors of 2358211?
613, 3847
List the prime factors of 69474.
2, 3, 11579
What are the prime factors of 4241591?
23, 184417
List the prime factors of 2161040.
2, 5, 7, 17, 227
What are the prime factors of 63945?
3, 5, 7, 29
List the prime factors of 1307117.
7, 29, 47, 137
List the prime factors of 567409.
17, 33377
What are the prime factors of 10973775?
3, 5, 146317
What are the prime factors of 8735039?
8735039
What are the prime factors of 3333225?
3, 5, 7, 907
What are the prime factors of 846993?
3, 7, 53, 761
List the prime factors of 20134565.
5, 11, 47, 7789
What are the prime factors of 946270?
2, 5, 13, 29, 251
List the prime factors of 31829503.
19, 43, 38959
List the prime factors of 1109072.
2, 69317
What are the prime factors of 247789?
37, 181
What are the prime factors of 661999?
13, 50923
What are the prime factors of 5624998?
2, 2812499
What are the prime factors of 2265864?
2, 3, 19, 4969
List the prime factors of 843260.
2, 5, 11, 3833
What are the prime factors of 98203?
7, 14029
What are the prime factors of 1033653?
3, 127, 2713
What are the prime factors of 15599918?
2, 127, 61417
What are the prime factors of 527082?
2, 3, 107, 821
List the prime factors of 133171.
19, 43, 163
List the prime factors of 334167.
3, 23, 29, 167
List the prime factors of 4127554.
2, 2063777
List the prime factors of 9320209.
53, 175853
What are the prime factors of 7994521?
7994521
List the prime factors of 89274.
2, 3, 14879
What are the prime factors of 16799?
107, 157
What are the prime factors of 246253?
7, 127, 277
What are the prime factors of 8537293?
53, 79, 2039
What are the prime factors of 707891?
181, 3911
List the prime factors of 30489705.
3, 5, 307, 2207
What are the prime factors of 2961148?
2, 740287
List the prime factors of 5155157.
7, 727, 1013
List the prime factors of 925254.
2, 3, 11, 4673
List the prime factors of 11861314.
2, 5930657
What are the prime factors of 7750377?
3, 151, 1901
List the prime factors of 102583.
13, 607
List the prime factors of 8993507.
8993507
What are the prime factors of 2390444?
2, 7, 59, 1447
What are the prime factors of 211303?
131, 1613
What are the prime factors of 1252223?
7, 178889
What are the prime factors of 8728630?
2, 5, 872863
What are the prime factors of 136918?
2, 17, 4027
What are the prime factors of 21346431?
3, 7115477
What are the prime factors of 570239?
23, 24793
List the prime factors of 1827238.
2, 7, 130517
What are the prime factors of 5514580?
2, 5, 275729
What are the prime factors of 752361?
3, 250787
What are the prime factors of 4715618?
2, 2357809
What are the prime factors of 187607?
7, 26801
List the prime factors of 990772.
2, 247693
List the prime factors of 305944.
2, 167, 229
What are the prime factors of 8287502?
2, 89, 46559
List the prime factors of 10240162.
2, 89, 57529
What are the prime factors of 8838937?
31, 239, 1193
What are 